{"id":26,"date":"2022-03-13T15:39:40","date_gmt":"2022-03-13T18:39:40","guid":{"rendered":"https:\/\/perfilocupacional.com.br\/site\/?page_id=26"},"modified":"2022-03-24T20:01:13","modified_gmt":"2022-03-24T23:01:13","slug":"servicos","status":"publish","type":"page","link":"https:\/\/perfilocupacional.com.br\/site\/servicos\/","title":{"rendered":"Servi\u00e7os"},"content":{"rendered":"\n<h2>Oferecemos aos nossos clientes os servi\u00e7os:<\/h2>\n\n\n\n<p><strong>Medicina Ocupacional<\/strong><\/p>\n\n\n\n<ul><li>Exames m\u00e9dicos ocupacionais: admissional, peri\u00f3dico, demissional, retorno ao trabalho e mudan\u00e7a de fun\u00e7\u00e3o;<\/li><li>Exames complementares: audiometria, espirometria, EEG, ECG, raio X OIT, acuidade visual e exames laboratoriais;<\/li><li>Elabora\u00e7\u00e3o de PCMSO.<\/li><\/ul>\n\n\n\n<p><strong>Engenharia de Seguran\u00e7a do Trabalho<\/strong><\/p>\n\n\n\n<ul><li>Elabora\u00e7\u00e3o de PGR, LTCAT, PCA, PCMAT, PPP;<\/li><li>Consultoria e treinamento em seguran\u00e7a do trabalho;<\/li><li>Medi\u00e7\u00f5es: ru\u00eddo, calor, poeiras, fumos, btx e luminesc\u00eancia.<\/li><li>Elabora\u00e7\u00e3o Invent\u00e1rio de Riscos<\/li><\/ul>\n\n\n\n<p><strong>Psicologia<\/strong><\/p>\n\n\n\n<ul><li>Avalia\u00e7\u00e3o psicol\u00f3gica para o curso de forma\u00e7\u00e3o de vigilantes, empresas de seguran\u00e7a privada e de outros segmentos empresariais;<\/li><li>Credenciada pela Pol\u00edcia Federal.<\/li><\/ul>\n","protected":false},"excerpt":{"rendered":"<p>Oferecemos aos nossos clientes os servi\u00e7os: Medicina Ocupacional Exames m\u00e9dicos ocupacionais: admissional, peri\u00f3dico, demissional, retorno ao trabalho e mudan\u00e7a de fun\u00e7\u00e3o; Exames complementares: audiometria, espirometria, EEG, ECG, raio X OIT, acuidade visual e exames laboratoriais; Elabora\u00e7\u00e3o de PCMSO. Engenharia de Seguran\u00e7a do Trabalho Elabora\u00e7\u00e3o de PGR, LTCAT, PCA, PCMAT, PPP; Consultoria e treinamento em seguran\u00e7a [&hellip;]<\/p>\n","protected":false},"author":1,"featured_media":0,"parent":0,"menu_order":0,"comment_status":"closed","ping_status":"closed","template":"","meta":[],"_links":{"self":[{"href":"https:\/\/perfilocupacional.com.br\/site\/wp-json\/wp\/v2\/pages\/26"}],"collection":[{"href":"https:\/\/perfilocupacional.com.br\/site\/wp-json\/wp\/v2\/pages"}],"about":[{"href":"https:\/\/perfilocupacional.com.br\/site\/wp-json\/wp\/v2\/types\/page"}],"author":[{"embeddable":true,"href":"https:\/\/perfilocupacional.com.br\/site\/wp-json\/wp\/v2\/users\/1"}],"replies":[{"embeddable":true,"href":"https:\/\/perfilocupacional.com.br\/site\/wp-json\/wp\/v2\/comments?post=26"}],"version-history":[{"count":4,"href":"https:\/\/perfilocupacional.com.br\/site\/wp-json\/wp\/v2\/pages\/26\/revisions"}],"predecessor-version":[{"id":119,"href":"https:\/\/perfilocupacional.com.br\/site\/wp-json\/wp\/v2\/pages\/26\/revisions\/119"}],"wp:attachment":[{"href":"https:\/\/perfilocupacional.com.br\/site\/wp-json\/wp\/v2\/media?parent=26"}],"curies":[{"name":"wp","href":"https:\/\/api.w.org\/{rel}","templated":true}]}}